mon factor of q and n?
5
Let v(d) = -d - 1. Let x be v(-6). What is the greatest common divisor of 45 and x?
5
Suppose -2*l = -3*l + 2*y + 7, 4*y + 8 = 0. Suppose l*s - 8*s + 5 = 0. Let j be 0/(-2) - (0 + -5). What is the greatest common factor of j and s?
1
Suppose -3*s + t + t + 225 = 0, -5*s = t - 388. Let x = -10 + 17. Calculate the greatest common factor of s and x.
7
Let n = 21 - 13. Calculate the greatest common divisor of n and 12.
4
Let d = -16 + 11. Let n(k) = -51*k + 9. Let l be n(d). Calculate the highest common factor of 24 and l.
24
Let d(z) = -z**2 - 7*z. Let s be d(-4). Suppose l - s = -3*l. Suppose -b = -5*o + 3 - 1, -5*o - 4 = -l*b. Calculate the greatest common factor of b and 24.
3
Suppose 0 = -2*c + 258 - 62. Suppose 2*j = 98 + c. What is the highest common factor of 14 and j?
14
Let j(v) = -v**2 - 11. Let n be j(0). Let s = 3 + n. Let x(u) = -4*u - 8. Let h be x(s). What is the highest common factor of h and 36?
12
Suppose -5 + 39 = d. Suppose -4*v - w - 4 = -6*v, -5*w = v - 24. Suppose 0*x + 2*x = 2*u - d, v*x = -4*u + 92. What is the greatest common factor of 30 and u?
10
Suppose 5*v = 4*c - 25, -13 = 3*c + 4*v + 7. Suppose 6*a - 2*a - 32 = c. What is the greatest common factor of 56 and a?
8
Let h = 27 + -8. What is the highest common divisor of h and 57?
19
Let m(u) be the second derivative of -7*u**3/3 + u**2/2 - u. Let d = 4 + -5. Let g be m(d). Calculate the greatest common divisor of g and 5.
5
Let b be 3 - (16/(-72) + (-331)/9). Let v = 7 + -11. Let x be (3 - 1)/((-1)/v). What is the greatest common factor of b and x?
8
Let g(a) = -34*a. Let l be g(-1). Calculate the greatest common divisor of 34 and l.
34
Let w = -138 - -139. Suppose c + 24 = -7. Let o be 1/4 - c/4. Calculate the highest common divisor of w and o.
1
Suppose 109 = 5*q - 31. Calculate the highest common factor of 7 and q.
7
Suppose 4*b = b + 9. Suppose -90 = -2*y - b*y. What is the highest common divisor of 126 and y?
18
Suppose 0 = 2*m - 0*m - 10. Let l(g) = 7*g**3 - g + 1. Let r be l(2). Calculate the greatest common factor of m and r.
5
Suppose 4*j = 4*v + 204, -3*v = -5 - 10. Let i = -20 + j. Suppose 4*f + 6 = 22. Calculate the greatest common divisor of f and i.
4
Let d = 4 - -11. Calculate the highest common factor of 45 and d.
15
Suppose -3*q + 6*q + 33 = 4*u, 17 = u + q. Calculate the highest common divisor of 24 and u.
12
Let p(u) = u**3 - 3*u**2 + u - 1. Let o be p(3). Let j be -4*((-26)/(-4) - 3). Let v = -9 - j. Calculate the greatest common divisor of o and v.
1
Let y(l) = 17*l - 1. Let p be y(2). Calculate the highest common divisor of 165 and p.
33
Let u(j) = -20*j**3 + 2*j**2 - j - 2. Let y be u(-1). Suppose 0 = -2*h + 5*t + 7, -2*h - 5*t = -16 - y. What is the highest common factor of h and 99?
11
Let m = 16 - 1. Let h be (4/(-8))/((-3)/180). Calculate the highest common divisor of m and h.
15
Let v(b) = b**2 - 2*b**2 - 2*b - 3*b - 2*b + 3. Let u = 10 + -16. Let h be v(u). What is the highest common factor of 99 and h?
9
Let o be 3/(5 + -2)*0. Let w(c) = -c**2 + 48. Let b be w(o). Let r = 16 - 10. Calculate the greatest common factor of b and r.
6
Let t(m) = -5*m + 7*m**2 - 3*m**3 - 2 + 2*m**3 + 14*m. Let u be t(8). What is the greatest common divisor of u and 24?
6
Let w = 32 - 14. Calculate the greatest common divisor of w and 9.
9
Let s be (-2)/(-6) + 85/15. Suppose 0 = 3*n - 3 - s. Suppose -m - n*m = -b + 10, 0 = -2*b + m + 6. Calculate the highest common divisor of 10 and b.
2
Let s(x) = -x**2 - 2*x + 5. Let o be s(-5). Let r(k) = k**2 + 6*k. Let u be r(o). Let a = u - 16. Calculate the greatest common factor of 3 and a.
3
Let f(y) = -y**3 - 5*y**2 - y - 2. Let z be f(-5). Calculate the greatest common divisor of z and 6.
3
Suppose -30 = 3*r - 0*r. Let o = 12 + r. Calculate the highest common divisor of 16 and o.
2
Suppose s = -0*s - 2*j + 10, -3*s - 5*j + 25 = 0. Suppose -3*v = -2*v + x - 12, s = 3*v - 2*x - 26. Calculate the highest common factor of v and 2.
2
Let t = -1 + 2. Let p = 2 - t. Let n be 7*p*(-5 - -11). What is the highest common divisor of n and 6?
6
Let i(k) = 5*k. Let x be i(3). Calculate the greatest common factor of x and 135.
15
Let g(l) = 4*l - 3. Let i be g(4). Calculate the greatest common factor of i and 26.
13
Let i = 5 + -6. Let z be (-43 + 3)/(0 + i). What is the highest common factor of z and 5?
5
Suppose 0 = -2*k + b + 42, -4*b = -3*k + 13 + 45. Suppose 83 + k = 5*r. Suppose 0*l - l = -7. Calculate the greatest common divisor of l and r.
7
Let i(g) = 337*g**3 + 2*g**2 + 2*g - 3. Let y be i(1). What is the greatest common factor of 26 and y?
26
Let t be (-19)/95 - 162/(-10). Calculate the highest common divisor of 80 and t.
16
Suppose g + 18 = 3*g. What is the highest common divisor of 72 and g?
9
Suppose 0 = v + 5*c - 70 + 20, -5*c - 220 = -5*v. Suppose v = -2*u + 7*u. Calculate the greatest common divisor of u and 63.
9
Suppose -14*z + 133 = 49. Calculate the greatest common factor of 9 and z.
3
Let t = 30 - 6. Suppose -6*b - 3*o + t = -5*b, b = o + 8. What is the greatest common factor of 132 and b?
12
Let f = 125 + -101. Calculate the greatest common divisor of f and 72.
24
Let z = 31 + -17. What is the greatest common divisor of 14 and z?
14
Suppose -c - 6*c + 14 = 0. Suppose -4*d + 0*m = -m - 6, c = -3*d + 4*m. Calculate the greatest common factor of 14 and d.
2
Let n = 12 - 8. Suppose -3*w + z = -n*z - 25, 4*z + 33 = 5*w. Suppose 3*v - w*f - 22 = -0*v, -5*v + 18 = f. What is the greatest common divisor of 10 and v?
2
Let x = 5 - 3. Let o = x + 4. Suppose 4*f - 105 = -5*a, -f + 5*a = 4*f - 165. Calculate the highest common divisor of o and f.
6
Let i be (3 - (-5 - -4)) + 184/2. Suppose 0 = 5*d + 4*n - 64, d = -2*d + 2*n + 34. What is the highest common factor of i and d?
12
Let s be 4 + 0 - (-25)/(50/24). Calculate the greatest common factor of 16 and s.
16
Let v be 9/3*38/6. Suppose 2*j - 3*i = 27, 6*j - 3*j - 66 = -4*i. Let o be (-41 + 3)*j/(-4). Calculate the greatest common divisor of v and o.
19
Let p(f) = -f**3 - 2*f**2 + 4*f. Let q be p(-3). Let v be (-1)/q - 142/(-6). What is the greatest common factor of v and 8?
8
Let q be (4 - (-88)/(-28))*35. What is the greatest common factor of q and 10?
10
Suppose -2*r = 3*b + 16, 4*b = -5*r - b - 30. Let y be (-1)/r*4 + 26. Calculate the highest common divisor of y and 7.
7
Let w(o) = -o**3 - 6*o**2 + 5. Let l be w(-6). Suppose 3*j + y = 300, -l*y - 381 = -5*j + j. What is the greatest common divisor of 9 and j?
9
Suppose 142 + 2 = 4*t. Suppose -4*m - 4 = 4*s - 32, -4*s = 5*m - t. What is the greatest common divisor of m and 72?
8
Let d(f) = 11*f**2 - 5*f - 2. Let t be d(-1). Let a be -1 + (-1)/(-1) + 28. What is the highest common divisor of t and a?
14
Suppose 5*k + 415 = -u, u + 411 = -4*k - 0*k. Let v = -167 - u. Suppose -4*q + 4*g = -v, -2*q + 132 = 7*g - 3*g. What is the highest common factor of q and 15?
15
Suppose -2*r + 6*r - 160 = 0. Calculate the greatest common factor of r and 8.
8
Let w be 2/6 - (-4)/6. Suppose 14 = 4*n + 3*n. Suppose n*i + 3*i + 3*g - 8 = 0, -5*g - 8 = 3*i. Calculate the greatest common divisor of i and w.
1
Let v(f) = f**3 + 5*f**2 - 3*f - 3. Let l be v(-5). What is the greatest common factor of l and 24?
12
Let g(u) = -u**3 + 5*u**2 - 3. Let x be g(4). Let o(s) = -s**3 - 8*s**2 - 3. Let p be o(-7). Let i = -26 - p. Calculate the greatest common divisor of x and i.
13
Suppose -19*t + 18*t = -19. What is the greatest common factor of t and 133?
19
Suppose 7*v - 8 = 111. What is the highest common divisor of 119 and v?
17
Let a(n) = n**2 + 12*n + 9. Let o be a(-12). What is the highest common factor of 63 and o?
9
Let l(s) = s**2 + 2*s - 3. Let t be l(6). Let i = 7 + -5. Suppose i*x - 18 = -4*b, -x + 4*x + 5*b = 27. Calculate the highest common divisor of t and x.
9
Let p be (-9 - (-2 + 0))*-1. Let d(q) = 4*q**2 - 4*q + 1. Let r be d(4). Calculate the greatest common factor of p and r.
7
Let h be 17/(-2) + 33/22. Let t be (-11 - -10)*h/1. What is the greatest common divisor of t and 56?
7
Let c be (-545)/(-30) + 4/(-24). What is the greatest common divisor of 45 and c?
9
Let x = 6 - 2. Suppose x*h = 20, 2*p + h = 2 + 5. Calculate the highest common factor of 5 and p.
1
Suppose 14*u + 1265 = 19*u. Calculate th